vided by 61989?
106
Calculate the remainder when 189676 is divided by 369.
10
What is the remainder when 95067 is divided by 139?
130
Calculate the remainder when 14490639 is divided by 3622650.
39
Calculate the remainder when 39705 is divided by 632.
521
Calculate the remainder when 208041 is divided by 207739.
302
Calculate the remainder when 5731118 is divided by 358187.
126
Calculate the remainder when 16280144 is divided by 698.
690
What is the remainder when 348431 is divided by 449?
7
Calculate the remainder when 17410 is divided by 7947.
1516
Calculate the remainder when 5600049 is divided by 54902.
45
What is the remainder when 1318786 is divided by 439510?
256
What is the remainder when 32137362 is divided by 667?
635
Calculate the remainder when 214730 is divided by 7130.
830
Calculate the remainder when 162431536 is divided by 118218.
4
What is the remainder when 5728638 is divided by 5728623?
15
Calculate the remainder when 192023 is divided by 1255.
8
Calculate the remainder when 522630 is divided by 5444.
6
What is the remainder when 2241497 is divided by 822?
725
What is the remainder when 55651461 is divided by 36?
33
Calculate the remainder when 4168239 is divided by 1042058.
7
Calculate the remainder when 133291168 is divided by 3555.
3553
What is the remainder when 159770 is divided by 5506?
96
What is the remainder when 1627213 is divided by 221?
211
What is the remainder when 805625 is divided by 201381?
101
What is the remainder when 24383161 is divided by 52?
49
Calculate the remainder when 14490085 is divided by 2898015.
10
Calculate the remainder when 105906040 is divided by 1133.
1131
Calculate the remainder when 16384533 is divided by 1062.
1059
What is the remainder when 5468041 is divided by 781141?
54
Calculate the remainder when 904855 is divided by 904810.
45
Calculate the remainder when 2552101 is divided by 1275827.
447
What is the remainder when 5766845 is divided by 3040?
3005
Calculate the remainder when 680712 is divided by 721.
88
Calculate the remainder when 2506931 is divided by 326.
317
Calculate the remainder when 3397 is divided by 332.
77
Calculate the remainder when 468151 is divided by 183.
37
What is the remainder when 23950 is divided by 3983?
52
What is the remainder when 730179644 is divided by 13464?
13460
What is the remainder when 279894 is divided by 2744?
6
Calculate the remainder when 6104393 is divided by 102.
101
Calculate the remainder when 2353191 is divided by 6.
3
What is the remainder when 2586676 is divided by 17?
7
What is the remainder when 21421976 is divided by 633?
623
Calculate the remainder when 6489845 is divided by 1081635.
35
Calculate the remainder when 663532 is divided by 187.
56
Calculate the remainder when 2992270 is divided by 969.
967
Calculate the remainder when 192993 is divided by 2506.
31
What is the remainder when 211395 is divided by 210816?
579
Calculate the remainder when 45115048 is divided by 112.
104
What is the remainder when 344277545 is divided by 182?
157
What is the remainder when 39663 is divided by 7756?
883
Calculate the remainder when 5239671 is divided by 92.
87
What is the remainder when 426979 is divided by 42692?
59
Calculate the remainder when 2081470 is divided by 1040732.
6
Calculate the remainder when 204206 is divided by 172.
42
Calculate the remainder when 18637591 is divided by 94607.
12
What is the remainder when 338983 is divided by 42342?
247
Calculate the remainder when 54043233 is divided by 37.
34
Calculate the remainder when 463176 is divided by 3567.
3033
What is the remainder when 894534 is divided by 24175?
59
What is the remainder when 2749452 is divided by 169?
160
Calculate the remainder when 1720745 is divided by 36.
17
What is the remainder when 233525393 is divided by 219?
218
Calculate the remainder when 4509 is divided by 568.
533
What is the remainder when 58773258 is divided by 14693312?
10
What is the remainder when 463936 is divided by 534?
424
Calculate the remainder when 2525653 is divided by 126281.
33
What is the remainder when 81660 is divided by 13605?
30
Calculate the remainder when 11222931 is divided by 313.
3
Calculate the remainder when 5028409 is divided by 143.
100
What is the remainder when 151093 is divided by 41?
8
Calculate the remainder when 739900 is divided by 1060.
20
Calculate the remainder when 3378839 is divided by 778.
763
Calculate the remainder when 183395 is divided by 60509.
1868
Calculate the remainder when 1737200 is divided by 41.
30
What is the remainder when 302347123 is divided by 75586777?
15
What is the remainder when 43051255 is divided by 27?
25
Calculate the remainder when 65825577 is divided by 119.
13
What is the remainder when 1044634 is divided by 208924?
14
Calculate the remainder when 7735226 is divided by 295.
31
Calculate the remainder when 12591309 is divided by 2552.
2293
Calculate the remainder when 633436491 is divided by 28.
23
What is the remainder when 70615537 is divided by 67317?
4
Calculate the remainder when 3337861 is divided by 175.
86
Calculate the remainder when 107125 is divided by 9738.
7
What is the remainder when 13119721 is divided by 127?
113
What is the remainder when 109145 is divided by 36323?
176
What is the remainder when 339468 is divided by 2322?
456
What is the remainder when 18109370 is divided by 14534?
6
Calculate the remainder when 31975997 is divided by 7.
4
What is the remainder when 156583839 is divided by 78291912?
15
What is the remainder when 442053 is divided by 31573?
31
What is the remainder when 21498 is divided by 1942?
136
What is the remainder when 351497234 is divided by 565?
564
What is the remainder when 767970 is divided by 7245?
0
What is the remainder when 1611208 is divided by 831?
730
What is the remainder when 448915 is divided by 782?
47
What is the remainder when 251860 is divided by 34?
22
Calculate the remainder when 243415 is divided by 121406.
603
Calculate the remainder when 28143 is divided by 186.
57
Calculate the remainder when 12861368 is divided by 5897.
11
Calculate the remainder when 17862489 is divided by 637946.
1
What is the remainder when 4621515 is divided by 770184?
411
Calculate the remainder when 9532441 is divided by 169.
165
What is the remainder when 1926543 is divided by 35?
3
What is the remainder when 1930596 is divided by 643477?
165
What is the remainder when 10144218 is divided by 68542?
2
What is the remainder when 62994040 is divided by 386?
384
What is the remainder when 4986273 is divided by 998?
265
What is the remainder when 522017 is divided by 57973?
260
What is the remainder when 195225 is divided by 23717?
5489
What is the remainder when 6229076 is divided by 792?
788
What is the remainder when 8342405 is divided by 1269?
1268
What is the remainder when 102295 is divided by 14226?
2713
Calculate the remainder when 1626980 is divided by 3740.
80
What is the remainder when 418081 is divided by 2614?
2455
What is the remainder when 24117 is divided by 2919?
765
Calculate the remainder when 200529 is divided by 100207.
115
Calculate the remainder when 328213 is divided by 1473.
1207
What is the remainder when 503889 is divided by 58?
43
Calculate the remainder when 9023899 is divided by 4.
3
What is the remainder when 1662559 is divided by 332510?
9
What is the remainder when 947840206 is divided by 56?
54
Calculate the remainder when 13198212 is divided by 2771.
2710
What is the remainder when 6025475 is divided by 150?
125
Calculate the remainder when 89310 is divided by 9.
3
What is the remainder when 3052042 is divided by 3488?
42
Calculate the remainder when 793165 is divided by 132176.
109
What is the remainder when 106211 is divided by 34275?
3386
What is the remainder when 36954 is divided by 155?
64
Calculate the remainder when 31787 is divided by 6093.
1322
Calculate the remainder when 24127 is divided by 22.
15
What is the remainder when 319727 is divided by 924?
23
What is the remainder when 10116243 is divided by 1124025?
18
What is the remainder when 717222909 is divided by 56?
53
What is the remainder when 18293191 is divided by 46?
3
What is the remainder when 61190764 is divided by 20396911?
31
Calculate the remainder when 147564 is divided by 3353.
3